{"id":79,"date":"2016-08-01T13:05:40","date_gmt":"2016-08-01T11:05:40","guid":{"rendered":"http:\/\/uz-ernaehrungsinfo.de\/?page_id=79"},"modified":"2025-01-28T21:46:09","modified_gmt":"2025-01-28T19:46:09","slug":"termine","status":"publish","type":"page","link":"https:\/\/uz-ernaehrungsinfo.de\/?page_id=79","title":{"rendered":"Termine"},"content":{"rendered":"<div id=\"pl-79\"  class=\"panel-layout\" ><div id=\"pg-79-0\"  class=\"panel-grid panel-no-style\" ><div id=\"pgc-79-0-0\"  class=\"panel-grid-cell\" ><div id=\"panel-79-0-0-0\" class=\"so-panel widget widget_sow-button panel-first-child panel-last-child\" data-index=\"0\" ><div\n\t\t\t\n\t\t\tclass=\"so-widget-sow-button so-widget-sow-button-wire-b1d1b1962336-79\"\n\t\t\t\n\t\t><div class=\"ow-button-base ow-button-align-center\"\n>\n\t\t\t<a\n\t\t\t\t\thref=\"https:\/\/uz-ernaehrungsinfo.de\/?page_id=400\"\n\t\t\t\t\tclass=\"sowb-button ow-icon-placement-left ow-button-hover\" \t>\n\t\t<span>\n\t\t\t\n\t\t\tHier Veranstaltungteilnahme buchen\t\t<\/span>\n\t\t\t<\/a>\n\t<\/div>\n<\/div><\/div><\/div><\/div><div id=\"pg-79-1\"  class=\"panel-grid panel-no-style\" ><div id=\"pgc-79-1-0\"  class=\"panel-grid-cell\" ><div id=\"panel-79-1-0-0\" class=\"so-panel widget widget_sow-editor panel-first-child\" data-index=\"1\" ><div class=\"panel-widget-style panel-widget-style-for-79-1-0-0\" ><div\n\t\t\t\n\t\t\tclass=\"so-widget-sow-editor so-widget-sow-editor-base\"\n\t\t\t\n\t\t>\n<div class=\"siteorigin-widget-tinymce textwidget\">\n\t<h3 style=\"text-align: center;\">Beratung<\/h3>\n<\/div>\n<\/div><\/div><\/div><div id=\"panel-79-1-0-1\" class=\"so-panel widget widget_sow-editor panel-last-child\" data-index=\"2\" ><div\n\t\t\t\n\t\t\tclass=\"so-widget-sow-editor so-widget-sow-editor-base\"\n\t\t\t\n\t\t>\n<div class=\"siteorigin-widget-tinymce textwidget\">\n\t<h3 style=\"text-align: left;\">Termine nach Vereinbarung<\/h3>\n<h3><\/h3>\n<h3 style=\"text-align: left;\"><strong><span style=\"color: #800000;\">Ern\u00e4hrungssprechstunde auf Loheland<\/span><\/strong><\/h3>\n<h5>jeden 2. Sa. im Monat von\u00a0 9-13 Uhr, 36093 K\u00fcnzell<\/h5>\n<h5><em>(im Raphaelhaus\/ Waldorfkita)<\/em><\/h5>\n<p>&nbsp;<\/p>\n<h3>Sprechzeiten f\u00fcr Termine<\/h3>\n<h5>Sie erreichen mich abends 19:30-20 Uhr<\/h5>\n<p>Falls ich nicht pers\u00f6nlich antworte,<\/p>\n<p>hinterlassen Sie mir Ihre Rufnummer<\/p>\n<p>und die Zeiten Ihrer Ereichbarkeit.<\/p>\n<p>Danke!<\/p>\n<p>mobil: 0151 515 77 393<\/p>\n<p>AB: 06657 9183535<\/p>\n<h3><\/h3>\n<p>&nbsp;<\/p>\n<hr \/>\n<p>&nbsp;<\/p>\n<\/div>\n<\/div><\/div><\/div><div id=\"pgc-79-1-1\"  class=\"panel-grid-cell\" ><div id=\"panel-79-1-1-0\" class=\"so-panel widget widget_sow-editor panel-first-child\" data-index=\"3\" ><div class=\"panel-widget-style panel-widget-style-for-79-1-1-0\" ><div\n\t\t\t\n\t\t\tclass=\"so-widget-sow-editor so-widget-sow-editor-base\"\n\t\t\t\n\t\t>\n<div class=\"siteorigin-widget-tinymce textwidget\">\n\t<h3 style=\"text-align: center;\">Ern\u00e4hrung<\/h3>\n<\/div>\n<\/div><\/div><\/div><div id=\"panel-79-1-1-1\" class=\"so-panel widget widget_sow-editor panel-last-child\" data-index=\"4\" ><div\n\t\t\t\n\t\t\tclass=\"so-widget-sow-editor so-widget-sow-editor-base\"\n\t\t\t\n\t\t>\n<div class=\"siteorigin-widget-tinymce textwidget\">\n\t<h2>Fr\u00fchjahr 2025<\/h2>\n<h4>\"Altbew\u00e4hrtes wiederentdeckt - nachhaltig &amp; gesund\"<\/h4>\n<h4>Fr\u00fchjahrstipps f\u00fcr Immunabwehr und Darmfitness<\/h4>\n<h5>Workshop f\u00fcr Interessierte<\/h5>\n<h5><strong>Sa.\u00a0\u00a0 10-12 Uhr<\/strong><\/h5>\n<h5><strong>Fr.\u00a0\u00a0 17-19 Uhr<\/strong><\/h5>\n<p>Warum Wildkr\u00e4uter, \u00d6lsaaten und fermentierte Lebensmittel unserem Darm<\/p>\n<p>und Imunsystem so gut tun!<\/p>\n<p>Praktischer Abend mit vielen Tipps und Zubereitung von Pestos, georgischem Kraut, leckeren Kr\u00e4ckern.<\/p>\n<p>Ort + Anmeldung:<\/p>\n<p>Familienzentrum Loheland - Waldorfkita, 36093 K\u00fcnzell<\/p>\n<p>06657 918 35 35 AB<\/p>\n<p><span class=\"_Xbe\"><span class=\"_Xbe _ZWk kno-fv\">TN-Betrag 30,-\u20ac pro Termin<br \/>\n<\/span><\/span><\/p>\n<p>Bitte eigenes Gem\u00fcse und Schraubdeckelgl\u00e4ser zum Einlegen mitbringen!<\/p>\n<h4>---------------<\/h4>\n<h4>\"Nachhaltige Ern\u00e4hrung - welche Wege sollten wir zuk\u00fcnftig gehen?\"<\/h4>\n<h5>Vegan, vegetarisch, fast oder slow, bio oder regional, selbst gezogen, unverpackt, solidarisch?<\/h5>\n<h5>Termine auf Anfrage!<\/h5>\n<h4>---------------<\/h4>\n<h4>\"Altbew\u00e4hrtes wiederentdeckt - Einlegen &amp; Fermentieren\"<\/h4>\n<h5>Workshop f\u00fcr Interessierte<\/h5>\n<p>Praktischer Abend mit vielen Tipps.<\/p>\n<p>Gemeinsam Gartensch\u00e4tze haltbar machen, den Gesundheitswert der Lebensmittel erhalten<\/p>\n<p>und den Stoffwechsel st\u00e4rken!<\/p>\n<h5><strong>Termine auf Anfrage!<\/strong><\/h5>\n<p>Ort + Anmeldung:<\/p>\n<p>Familienzentrum Loheland - Waldorfkita, 36093 K\u00fcnzell<\/p>\n<p>06657 918 35 35 AB<\/p>\n<p><span class=\"_Xbe\"><span class=\"_Xbe _ZWk kno-fv\">TN-Betrag 20,-\u20ac<br \/>\n<\/span><\/span><\/p>\n<p>Bitte eigenes Gem\u00fcse und Schraubdeckelgl\u00e4ser zum Einlegen mitbringen!<\/p>\n<h4>---------------<\/h4>\n<h4>\"Wichtige Elemente der Ern\u00e4hrungsbildung\"<\/h4>\n<h5>Workshop f\u00fcr Eltern, P\u00e4dagogen und Interessierte<\/h5>\n<p>Einf\u00fchrungsabend + praktischer Teil mit vielen Tipps<\/p>\n<p>Kinder brauchen gute Vorbilder, sie sind die Konsumenten von morgen!<\/p>\n<p>Finden sich gen\u00fcgend Interessenten werden zwei Folgetermine im September\/Oktober angeboten<\/p>\n<p>(\u201eStressfreies Essen am Familientisch\u201c \u2013 \u201eKoch-Treff Eltern mit Kindern\u201c)<\/p>\n<h5><strong>Termine auf Anfrage!<\/strong><\/h5>\n<p>Ort + Anmeldung:<\/p>\n<p>Familienzentrum Loheland - Waldorfkita, 36093 K\u00fcnzell<\/p>\n<p>06657 918 35 35 AB<\/p>\n<p><span class=\"_Xbe\"><span class=\"_Xbe _ZWk kno-fv\">TN-Betrag 20,-\u20ac Vortrag, kompletter Workshop 55,-\u20ac zzgl. Auslagen f\u00fcr LM<\/span><\/span><\/p>\n<hr \/>\n<p><strong>\" Heilsame Wickel und Auflagen f\u00fcr Kinder und Erwachsene - Altes Wissen neu entdeckt\"<\/strong><\/p>\n<p>\u201eZeit- W\u00e4rme - Zuwendung \u2013 Ruhe\u201c<\/p>\n<p>Dem K\u00f6rper helfen mit Wickeln und Auflagen<\/p>\n<p>Alte Hausrezepte - Hilfe zur Selbstheilung bei Verspannungen, Magen- Darmbeschwerden, Erk\u00e4ltungen und vielem mehr.<\/p>\n<p>Am Abend werden verschiedene Wickel gezeigt und ausprobiert!<\/p>\n<h5><strong>Termine auf Anfrage!<\/strong><\/h5>\n<p>Ort + Anmeldung:<\/p>\n<p>Waldorfkindertagesst\u00e4tte Loheland, 36093 K\u00fcnzell<\/p>\n<p>Tel.: 06657 918 35 35 AB<\/p>\n<p>TN-Betrag:\u00a0 20,-\u20ac \/ pro Termin - max. 8 Pers.<\/p>\n<p>mitbringen:<\/p>\n<p>warme Socken, eine Wolldecke, kleines Handtuch und Wollschal<\/p>\n<h2><strong>---------------<\/strong><strong>\u00a0<\/strong><\/h2>\n<h4>\"Wichtige Elemente der Ern\u00e4hrungsbildung\"<\/h4>\n<h5>Workshop f\u00fcr Eltern, P\u00e4dagogen und Interessierte<\/h5>\n<p>Einf\u00fchrungsabend + praktischer Teil mit vielen Tipps<\/p>\n<p>Kinder brauchen gute Vorbilder, sie sind die Konsumenten von morgen!<\/p>\n<p>Finden sich gen\u00fcgend Interessenten werden zwei Folgetermine im M\u00e4rz\/April angeboten (\u201eStressfreies Essen am Familientisch\u201c \u2013 \u201eKoch-Treff Eltern mit Kindern\u201c)<\/p>\n<p>Ort + Anmeldung:<\/p>\n<p>Familienzentrum Loheland - Waldorfkita, 36093 K\u00fcnzell<\/p>\n<p>06657 918 35 35 AB<\/p>\n<p><span class=\"_Xbe\"><span class=\"_Xbe _ZWk kno-fv\">TN-Betrag 20,-\u20ac Vortrag, kompletter Workshop 55,-\u20ac zzgl. Auslagen f\u00fcr LM<\/span> <\/span><\/p>\n<h2><strong>---------------<br \/>\n<\/strong><\/h2>\n<h4><strong> \"Gute Vors\u00e4tze mag ich sehr, wenn da nicht der innere Schweinehund w\u00e4r\"<\/strong><\/h4>\n<h5>Vortrag mit auflockernden Impulsen zusammen mit Simone Schleicher - Emerge Coaching, Neuhof<\/h5>\n<p>Wie gelingt ein gesunder Lebensstil? Wie lassen sich gute Ern\u00e4hrung, Bewegung, Arbeit und Familienleben in Einklang bringen?<\/p>\n<p>Ort + Anmeldung:<\/p>\n<h5><strong>Termine auf Anfrage<\/strong><\/h5>\n<p><span class=\"_Xbe\"><span class=\"_Xbe _ZWk kno-fv\">Tel.: 06657 918 35 35 AB<\/span><\/span><\/p>\n<p><span class=\"_Xbe\"><span class=\"_Xbe _ZWk kno-fv\"> TN-Betrag 20,-\u20ac<\/span><\/span><\/p>\n<h2><strong>---------------<\/strong><\/h2>\n<h5>Workshop<\/h5>\n<h4><strong>\" Interaktive Mandalas - zum Fr\u00fchlingsbeginn\"<\/strong><\/h4>\n<p>\u201eEinschwingen - Ausschwingen\"<\/p>\n<p>Abgeben und Lernen sich zu fokussieren, die eigene Mitte zu finden mittels gemeinsamer Mandala- Arbeit im Kreis unter Verwendung verschiedener Materialien und Sch\u00e4tze der Natur.<\/p>\n<p>Anleitung und Erleben mit verschiedenen Sinnen, Klang und Meditation<\/p>\n<p>Ort + Anmeldung:<\/p>\n<p>Waldorfkindertagestst\u00e4tte Loheland, 36093 K\u00fcnzell<\/p>\n<p>Tel.: 06657 918 35 35 AB<\/p>\n<p>TN-Betrag:\u00a0 15,-\u20ac \/ pro Termin - max. 12 Pers.<\/p>\n<p>mitbringen:<\/p>\n<p>warme Socken, ggf. eine Wolldecke und gesammelte Natursch\u00e4tze<\/p>\n<h2><strong>---------------<\/strong><\/h2>\n<div class=\"mod\" data-md=\"1005\" data-hveid=\"133\" data-ved=\"0ahUKEwjh7fDFgLXZAhXHjqQKHbw1DNgQkCkIhQEoBDAU\">\n<div class=\"_eFb\">\n<div>\n<div class=\"kno-fb-ctx _mr\" data-dtype=\"d3oh\">\n<div>\n<div class=\"r-iJGWHYO4eZGQ\">\n<div class=\"_tDe r-iaFB09w8f4ok\">\n<div class=\"vk_bk a_h\" tabindex=\"0\" data-ved=\"0ahUKEwjh7fDFgLXZAhXHjqQKHbw1DNgQ5nEIiQEwFA\">\n<h4><strong>\" Tue Gutes f\u00fcr Deinen Darm - Altes Wissen neu entdeckt\"<\/strong><\/h4>\n<h5>Workshop<\/h5>\n<h5><strong>Termine auf Anfrage<br \/>\n<\/strong><\/h5>\n<h5>Fr. 19:30-21:00 Uhr<\/h5>\n<p>- Theorie und Praxis f\u00fcr\u00a0 Wickel, Auflagen, Darmsanierung - Ausleitung -Basische Snacks, glutenfreie-\/allergiearme Aufbaukost -<\/p>\n<p>Ort + Anmeldung:<\/p>\n<p>Tel.: 06657 918 35 35 AB<\/p>\n<p>TN-Betrag 50,-\u20ac - max. 8 Pers.<\/p>\n<h2><strong>---------------<\/strong><\/h2>\n<\/div>\n<\/div>\n<\/div>\n<\/div>\n<\/div>\n<\/div>\n<\/div>\n<\/div>\n<\/div>\n<\/div><\/div><\/div><div id=\"pgc-79-1-2\"  class=\"panel-grid-cell\" ><div id=\"panel-79-1-2-0\" class=\"so-panel widget widget_sow-editor panel-first-child\" data-index=\"5\" ><div class=\"panel-widget-style panel-widget-style-for-79-1-2-0\" ><div\n\t\t\t\n\t\t\tclass=\"so-widget-sow-editor so-widget-sow-editor-base\"\n\t\t\t\n\t\t>\n<div class=\"siteorigin-widget-tinymce textwidget\">\n\t<h3 style=\"text-align: center;\">P\u00e4dagogik<\/h3>\n<\/div>\n<\/div><\/div><\/div><div id=\"panel-79-1-2-1\" class=\"so-panel widget widget_sow-editor panel-last-child\" data-index=\"6\" ><div\n\t\t\t\n\t\t\tclass=\"so-widget-sow-editor so-widget-sow-editor-base\"\n\t\t\t\n\t\t>\n<div class=\"siteorigin-widget-tinymce textwidget\">\n\t<h3>Astrid Lindgren-Lese-Events<\/h3>\n<h4><strong>\" Pipi und ihren Freunden in der Natur begegnen \"<\/strong><\/h4>\n<p>Lesen, Natur erleben - am Lagerfeuer, am Wasser, auf einem Piratenschiff ...<\/p>\n<p>B\u00fccher entf\u00fchren Kinder in eine wunderbare Welt. Die Welt der Sprache, des Wissens, der Gef\u00fchle, der Fantasie. Schon die Kleinsten f\u00fchlen sich in ihnen wohl. Vor allem, wenn das <b>Vorlesen von B\u00fcchern<\/b> mit einer wohligen und <strong>besonderen Atmosph\u00e4re<\/strong> verbunden ist.<\/p>\n<p>Wir sind ein Kleinteam von P\u00e4dagogen und bieten besondere Lese-Anl\u00e4sse, die Kinder in eine direkte Erlebniswelt f\u00fchren und in Erinnerung behalten werden.<\/p>\n<h5>Termine auf Anfrage!<\/h5>\n<p>Anmeldung:<\/p>\n<p>Ursula Zimmermann, Mobil: 0151 515 77 393 oder<\/p>\n<p>AB 06657-9183535<\/p>\n<h3 style=\"text-align: left;\"><\/h3>\n<h3><strong>\" Achtsamkeitsparcours\"<\/strong><\/h3>\n<h5>Termine auf Anfrage<\/h5>\n<p>\u201eStress abbauen - Sinne schulen\"<\/p>\n<p>Abgeben und Lernen sich zu fokussieren, die eigene Mitte zu finden ist in heutigen Alltagsroutinen immer schwerer. Doch wer sich besinnt und bewu\u00dfter wahrnehmen lernt, kommt schneller runter, wird achtsamer und behutsamer mit sich und anderen!<\/p>\n<p>Anleitung und Erleben mit verschiedenen Sinnen, Klang und Meditation<\/p>\n<p>Ort + Anmeldung:<\/p>\n<p>Waldorfkindertagestst\u00e4tte Loheland, 36093 K\u00fcnzell<\/p>\n<p>Tel.: 06657 91835 35 AB<\/p>\n<p>TN-Betrag:\u00a0 20,-\u20ac \/ pro Termin - max. 12 Pers.<\/p>\n<p>&nbsp;<\/p>\n<p>&nbsp;<\/p>\n<\/div>\n<\/div><\/div><\/div><\/div><\/div>","protected":false},"excerpt":{"rendered":"<p>Beratung Termine nach Vereinbarung Ern\u00e4hrungssprechstunde auf Loheland jeden 2. Sa. im Monat von\u00a0 9-13 Uhr, 36093 K\u00fcnzell (im Raphaelhaus\/ Waldorfkita) &nbsp; Sprechzeiten f\u00fcr Termine Sie erreichen mich abends 19:30-20 Uhr [&hellip;]<\/p>\n","protected":false},"author":1,"featured_media":0,"parent":0,"menu_order":0,"comment_status":"closed","ping_status":"closed","template":"templates\/template-full.php","meta":{"footnotes":""},"class_list":["post-79","page","type-page","status-publish","hentry"],"yoast_head":"<!-- This site is optimized with the Yoast SEO plugin v27.4 - https:\/\/yoast.com\/product\/yoast-seo-wordpress\/ -->\n<title>Termine - Ursula Zimmermann - Ern\u00e4hrungsberatung und -therapie<\/title>\n<meta name=\"robots\" content=\"index, follow, max-snippet:-1, max-image-preview:large, max-video-preview:-1\" \/>\n<link rel=\"canonical\" href=\"https:\/\/uz-ernaehrungsinfo.de\/?page_id=79\" \/>\n<meta property=\"og:locale\" content=\"de_DE\" \/>\n<meta property=\"og:type\" content=\"article\" \/>\n<meta property=\"og:title\" content=\"Termine - Ursula Zimmermann - Ern\u00e4hrungsberatung und -therapie\" \/>\n<meta property=\"og:description\" content=\"Beratung Termine nach Vereinbarung Ern\u00e4hrungssprechstunde auf Loheland jeden 2. Sa. im Monat von\u00a0 9-13 Uhr, 36093 K\u00fcnzell (im Raphaelhaus\/ Waldorfkita) &nbsp; Sprechzeiten f\u00fcr Termine Sie erreichen mich abends 19:30-20 Uhr [&hellip;]\" \/>\n<meta property=\"og:url\" content=\"https:\/\/uz-ernaehrungsinfo.de\/?page_id=79\" \/>\n<meta property=\"og:site_name\" content=\"Ursula Zimmermann - Ern\u00e4hrungsberatung und -therapie\" \/>\n<meta property=\"article:modified_time\" content=\"2025-01-28T19:46:09+00:00\" \/>\n<meta name=\"twitter:card\" content=\"summary_large_image\" \/>\n<meta name=\"twitter:label1\" content=\"Gesch\u00e4tzte Lesezeit\" \/>\n\t<meta name=\"twitter:data1\" content=\"4\u00a0Minuten\" \/>\n<script type=\"application\/ld+json\" class=\"yoast-schema-graph\">{\"@context\":\"https:\\\/\\\/schema.org\",\"@graph\":[{\"@type\":\"WebPage\",\"@id\":\"https:\\\/\\\/uz-ernaehrungsinfo.de\\\/?page_id=79\",\"url\":\"https:\\\/\\\/uz-ernaehrungsinfo.de\\\/?page_id=79\",\"name\":\"Termine - Ursula Zimmermann - Ern\u00e4hrungsberatung und -therapie\",\"isPartOf\":{\"@id\":\"https:\\\/\\\/uz-ernaehrungsinfo.de\\\/#website\"},\"datePublished\":\"2016-08-01T11:05:40+00:00\",\"dateModified\":\"2025-01-28T19:46:09+00:00\",\"breadcrumb\":{\"@id\":\"https:\\\/\\\/uz-ernaehrungsinfo.de\\\/?page_id=79#breadcrumb\"},\"inLanguage\":\"de\",\"potentialAction\":[{\"@type\":\"ReadAction\",\"target\":[\"https:\\\/\\\/uz-ernaehrungsinfo.de\\\/?page_id=79\"]}]},{\"@type\":\"BreadcrumbList\",\"@id\":\"https:\\\/\\\/uz-ernaehrungsinfo.de\\\/?page_id=79#breadcrumb\",\"itemListElement\":[{\"@type\":\"ListItem\",\"position\":1,\"name\":\"Startseite\",\"item\":\"https:\\\/\\\/uz-ernaehrungsinfo.de\\\/\"},{\"@type\":\"ListItem\",\"position\":2,\"name\":\"Termine\"}]},{\"@type\":\"WebSite\",\"@id\":\"https:\\\/\\\/uz-ernaehrungsinfo.de\\\/#website\",\"url\":\"https:\\\/\\\/uz-ernaehrungsinfo.de\\\/\",\"name\":\"Ursula Zimmermann - Ern\u00e4hrungsberatung und -therapie\",\"description\":\"Ursula Zimmermann - Ern\u00e4hrungsberatung und -therapie\",\"potentialAction\":[{\"@type\":\"SearchAction\",\"target\":{\"@type\":\"EntryPoint\",\"urlTemplate\":\"https:\\\/\\\/uz-ernaehrungsinfo.de\\\/?s={search_term_string}\"},\"query-input\":{\"@type\":\"PropertyValueSpecification\",\"valueRequired\":true,\"valueName\":\"search_term_string\"}}],\"inLanguage\":\"de\"}]}<\/script>\n<!-- \/ Yoast SEO plugin. -->","yoast_head_json":{"title":"Termine - Ursula Zimmermann - Ern\u00e4hrungsberatung und -therapie","robots":{"index":"index","follow":"follow","max-snippet":"max-snippet:-1","max-image-preview":"max-image-preview:large","max-video-preview":"max-video-preview:-1"},"canonical":"https:\/\/uz-ernaehrungsinfo.de\/?page_id=79","og_locale":"de_DE","og_type":"article","og_title":"Termine - Ursula Zimmermann - Ern\u00e4hrungsberatung und -therapie","og_description":"Beratung Termine nach Vereinbarung Ern\u00e4hrungssprechstunde auf Loheland jeden 2. Sa. im Monat von\u00a0 9-13 Uhr, 36093 K\u00fcnzell (im Raphaelhaus\/ Waldorfkita) &nbsp; Sprechzeiten f\u00fcr Termine Sie erreichen mich abends 19:30-20 Uhr [&hellip;]","og_url":"https:\/\/uz-ernaehrungsinfo.de\/?page_id=79","og_site_name":"Ursula Zimmermann - Ern\u00e4hrungsberatung und -therapie","article_modified_time":"2025-01-28T19:46:09+00:00","twitter_card":"summary_large_image","twitter_misc":{"Gesch\u00e4tzte Lesezeit":"4\u00a0Minuten"},"schema":{"@context":"https:\/\/schema.org","@graph":[{"@type":"WebPage","@id":"https:\/\/uz-ernaehrungsinfo.de\/?page_id=79","url":"https:\/\/uz-ernaehrungsinfo.de\/?page_id=79","name":"Termine - Ursula Zimmermann - Ern\u00e4hrungsberatung und -therapie","isPartOf":{"@id":"https:\/\/uz-ernaehrungsinfo.de\/#website"},"datePublished":"2016-08-01T11:05:40+00:00","dateModified":"2025-01-28T19:46:09+00:00","breadcrumb":{"@id":"https:\/\/uz-ernaehrungsinfo.de\/?page_id=79#breadcrumb"},"inLanguage":"de","potentialAction":[{"@type":"ReadAction","target":["https:\/\/uz-ernaehrungsinfo.de\/?page_id=79"]}]},{"@type":"BreadcrumbList","@id":"https:\/\/uz-ernaehrungsinfo.de\/?page_id=79#breadcrumb","itemListElement":[{"@type":"ListItem","position":1,"name":"Startseite","item":"https:\/\/uz-ernaehrungsinfo.de\/"},{"@type":"ListItem","position":2,"name":"Termine"}]},{"@type":"WebSite","@id":"https:\/\/uz-ernaehrungsinfo.de\/#website","url":"https:\/\/uz-ernaehrungsinfo.de\/","name":"Ursula Zimmermann - Ern\u00e4hrungsberatung und -therapie","description":"Ursula Zimmermann - Ern\u00e4hrungsberatung und -therapie","potentialAction":[{"@type":"SearchAction","target":{"@type":"EntryPoint","urlTemplate":"https:\/\/uz-ernaehrungsinfo.de\/?s={search_term_string}"},"query-input":{"@type":"PropertyValueSpecification","valueRequired":true,"valueName":"search_term_string"}}],"inLanguage":"de"}]}},"_links":{"self":[{"href":"https:\/\/uz-ernaehrungsinfo.de\/index.php?rest_route=\/wp\/v2\/pages\/79","targetHints":{"allow":["GET"]}}],"collection":[{"href":"https:\/\/uz-ernaehrungsinfo.de\/index.php?rest_route=\/wp\/v2\/pages"}],"about":[{"href":"https:\/\/uz-ernaehrungsinfo.de\/index.php?rest_route=\/wp\/v2\/types\/page"}],"author":[{"embeddable":true,"href":"https:\/\/uz-ernaehrungsinfo.de\/index.php?rest_route=\/wp\/v2\/users\/1"}],"replies":[{"embeddable":true,"href":"https:\/\/uz-ernaehrungsinfo.de\/index.php?rest_route=%2Fwp%2Fv2%2Fcomments&post=79"}],"version-history":[{"count":171,"href":"https:\/\/uz-ernaehrungsinfo.de\/index.php?rest_route=\/wp\/v2\/pages\/79\/revisions"}],"predecessor-version":[{"id":1100,"href":"https:\/\/uz-ernaehrungsinfo.de\/index.php?rest_route=\/wp\/v2\/pages\/79\/revisions\/1100"}],"wp:attachment":[{"href":"https:\/\/uz-ernaehrungsinfo.de\/index.php?rest_route=%2Fwp%2Fv2%2Fmedia&parent=79"}],"curies":[{"name":"wp","href":"https:\/\/api.w.org\/{rel}","templated":true}]}}