{"id":400,"date":"2018-03-19T12:30:03","date_gmt":"2018-03-19T10:30:03","guid":{"rendered":"http:\/\/uz-ernaehrungsinfo.de\/?page_id=400"},"modified":"2018-03-19T12:30:03","modified_gmt":"2018-03-19T10:30:03","slug":"buchung","status":"publish","type":"page","link":"https:\/\/uz-ernaehrungsinfo.de\/?page_id=400","title":{"rendered":"Buchung"},"content":{"rendered":"<div id=\"pl-400\"  class=\"panel-layout\" ><div id=\"pg-400-0\"  class=\"panel-grid panel-no-style\" ><div id=\"pgc-400-0-0\"  class=\"panel-grid-cell\" ><div id=\"panel-400-0-0-0\" class=\"so-panel widget widget_frm_show_form panel-first-child panel-last-child\"><div class=\"frm_form_widget\"><div class=\"frm_forms  with_frm_style frm_style_formidable-style\" id=\"frm_form_7_container\" >\n<form enctype=\"multipart\/form-data\" method=\"post\" class=\"frm-show-form \" id=\"form_urktl\" >\n<div class=\"frm_form_fields \">\n<fieldset>\n<legend class=\"frm_screen_reader\">Veranstaltungs-Teilnahme<\/legend>\r\n\r\n<div class=\"frm_fields_container\">\n<input type=\"hidden\" name=\"frm_action\" value=\"create\" \/>\n<input type=\"hidden\" name=\"form_id\" value=\"7\" \/>\n<input type=\"hidden\" name=\"frm_hide_fields_7\" id=\"frm_hide_fields_7\" value=\"\" \/>\n<input type=\"hidden\" name=\"form_key\" value=\"urktl\" \/>\n<input type=\"hidden\" name=\"item_meta[0]\" value=\"\" \/>\n<input type=\"hidden\" id=\"frm_submit_entry_7\" name=\"frm_submit_entry_7\" value=\"f1c0846a7f\" \/><input type=\"hidden\" name=\"_wp_http_referer\" value=\"\/index.php?rest_route=%2Fwp%2Fv2%2Fpages%2F400\" \/><div id=\"frm_field_30_container\" class=\"frm_form_field form-field  frm_required_field frm_top_container\">\r\n    <label for=\"field_inu18\" class=\"frm_primary_label\">Ihr Name\r\n        <span class=\"frm_required\">*<\/span>\r\n    <\/label>\r\n    <input type=\"text\" id=\"field_inu18\" name=\"item_meta[30]\" value=\"\"  data-reqmsg=\"Dieses Feld darf nicht leer sein.\" aria-required=\"true\" data-invmsg=\"Text ist ung\u00fcltig\" aria-invalid=\"false\"  \/>\r\n    \r\n    \r\n<\/div>\n<div id=\"frm_field_31_container\" class=\"frm_form_field form-field  frm_required_field frm_top_container\">\r\n    <label for=\"field_6issh\" class=\"frm_primary_label\">Ihre Adresse (Stra\u00dfe, Nr, PLZ, Ort)\r\n        <span class=\"frm_required\">*<\/span>\r\n    <\/label>\r\n    <input type=\"text\" id=\"field_6issh\" name=\"item_meta[31]\" value=\"\"  data-reqmsg=\"Dieses Feld darf nicht leer sein.\" aria-required=\"true\" data-invmsg=\"Text ist ung\u00fcltig\" aria-invalid=\"false\"  \/>\r\n    \r\n    \r\n<\/div>\n<div id=\"frm_field_32_container\" class=\"frm_form_field form-field  frm_top_container\">\r\n    <label for=\"field_tnaga\" class=\"frm_primary_label\">Ihre Telefon-Nummer\r\n        <span class=\"frm_required\"><\/span>\r\n    <\/label>\r\n    <input type=\"tel\" id=\"field_tnaga\" name=\"item_meta[32]\" value=\"\"  data-invmsg=\"Telefon ist ung\u00fcltig\" aria-invalid=\"false\" pattern=\"((\\+\\d{1,3}(-|.| )?\\(?\\d\\)?(-| |.)?\\d{1,5})|(\\(?\\d{2,6}\\)?))(-|.| )?(\\d{3,4})(-|.| )?(\\d{4})(( x| ext)\\d{1,5}){0,1}$\"   aria-describedby=\"frm_desc_field_tnaga\"\/>\r\n    <div class=\"frm_description\" id=\"frm_desc_field_tnaga\">f\u00fcr eventuelle R\u00fcckfragen<\/div>\r\n    \r\n<\/div>\n<div id=\"frm_field_34_container\" class=\"frm_form_field form-field  frm_required_field frm_top_container\">\r\n    <label for=\"field_xb0hz\" class=\"frm_primary_label\">Veranstaltung\r\n        <span class=\"frm_required\">*<\/span>\r\n    <\/label>\r\n    \t\t<select name=\"item_meta[34]\" id=\"field_xb0hz\"  data-frmval=\"Do. 07.02. &amp; Do. 07.03.2019 - \" data-reqmsg=\"Dieses Feld darf nicht leer sein.\" aria-required=\"true\" data-invmsg=\"Veranstaltung ist ung\u00fcltig\" aria-invalid=\"false\"  >\n\t\t<option  value=\"Do. 07.02. &amp; Do. 07.03.2019 - &quot;Heilsame Wickel und Auflagen f\u00fcr Kinder und Erwachsene - Altes Wissen neu entdeckt&quot;\">Do. 07.02. &amp; Do. 07.03.2019 - &quot;Heilsame Wickel und Auflagen f\u00fcr Kinder und Erwachsene - Altes Wissen neu entdeckt&quot;<\/option><option  value=\"Do. 28.02.2019 - &quot;Wichtige Elemente der Ern\u00e4hrungsbildung&quot;\">Do. 28.02.2019 - &quot;Wichtige Elemente der Ern\u00e4hrungsbildung&quot;<\/option><option  value=\"Mo.18.03.2019 - &quot;Gute Vors\u00e4tze mag ich sehr, wenn da nicht der innere Schweinehund w\u00e4r&quot;\">Mo.18.03.2019 - &quot;Gute Vors\u00e4tze mag ich sehr, wenn da nicht der innere Schweinehund w\u00e4r&quot;<\/option><option  value=\"Do. 25.03.2019 - Workshop&quot;Interaktive Mandalas - zum Fr\u00fchlingsbeginn&quot;\">Do. 25.03.2019 - Workshop&quot;Interaktive Mandalas - zum Fr\u00fchlingsbeginn&quot;<\/option><option  value=\"Auf Anfrage &quot;Tue Gutes f\u00fcr Deinen Darm - Altes Wissen neu entdeckt&quot;\">Auf Anfrage &quot;Tue Gutes f\u00fcr Deinen Darm - Altes Wissen neu entdeckt&quot;<\/option>\t<\/select>\n\t\r\n    \r\n    \r\n<\/div>\n<div id=\"frm_field_33_container\" class=\"frm_form_field form-field  frm_required_field frm_top_container\">\r\n    <label for=\"field_h6rrt\" class=\"frm_primary_label\">Ihre E-Mail-Adresse:\r\n        <span class=\"frm_required\">*<\/span>\r\n    <\/label>\r\n    <input type=\"email\" id=\"field_h6rrt\" name=\"item_meta[33]\" value=\"\"  data-reqmsg=\"Dieses Feld darf nicht leer sein.\" aria-required=\"true\" data-invmsg=\"E-Mail-Adresse: ist ung\u00fcltig\" aria-invalid=\"false\"  \/>\r\n    \r\n    \r\n<\/div>\n<div id=\"frm_field_35_container\" class=\"frm_form_field form-field  frm_required_field frm_top_container vertical_radio\">\r\n    <label for=\"field_naw8m\" class=\"frm_primary_label\">Zustimmung\r\n        <span class=\"frm_required\">*<\/span>\r\n    <\/label>\r\n    <div class=\"frm_opt_container\">\t\t<div class=\"frm_checkbox\" id=\"frm_checkbox_35-0\">\t\t\t<label  for=\"field_naw8m-0\">\n\t\t\t<input type=\"checkbox\" name=\"item_meta[35][]\" id=\"field_naw8m-0\" value=\"Ich stimme zu.\"  data-reqmsg=\"Dieses Feld darf nicht leer sein.\" data-invmsg=\"Zustimmung ist ung\u00fcltig\"   aria-required=\"true\"  \/> Ich stimme zu.<\/label><\/div>\n<\/div>\r\n    <div class=\"frm_description\" id=\"frm_desc_field_naw8m\">Ich best\u00e4tige, dass diese Anmeldung verbindlich ist, sofern das Teilnehmer-Kontingent nicht ersch\u00f6pft ist.<\/div>\r\n    \r\n<\/div>\n\t<input type=\"hidden\" name=\"item_key\" value=\"\" \/>\n\t\t\t<div id=\"frm_field_42_container\">\n\t\t\t<label for=\"field_wjnbx\" >\n\t\t\t\tFalls Du menschlich bist, lasse dieses Feld leer.\t\t\t<\/label>\n\t\t\t<input  id=\"field_wjnbx\" type=\"text\" class=\"frm_form_field form-field frm_verify\" name=\"item_meta[42]\" value=\"\"  \/>\n\t\t<\/div>\n\t\t<input name=\"frm_state\" type=\"hidden\" value=\"COQX92NcoyTIMCH+UWSl8UCOfRdzBBt2Hc6hODcfg3U=\" \/><div class=\"frm_submit\">\r\n\r\n<button class=\"frm_button_submit\" type=\"submit\"  >Veranstaltung buchen<\/button>\r\n\r\n<\/div><\/div>\n<\/fieldset>\n<\/div>\n\n<\/form>\n<\/div>\n<\/div><\/div><\/div><\/div><\/div>","protected":false},"excerpt":{"rendered":"<p>Veranstaltungs-Teilnahme Ihr Name * Ihre Adresse (Stra\u00dfe, Nr, PLZ, Ort) * Ihre Telefon-Nummer f\u00fcr eventuelle R\u00fcckfragen Veranstaltung * Do. 07.02. &amp; Do. 07.03.2019 &#8211; &quot;Heilsame Wickel und Auflagen f\u00fcr Kinder [&hellip;]<\/p>\n","protected":false},"author":1,"featured_media":0,"parent":79,"menu_order":0,"comment_status":"closed","ping_status":"closed","template":"templates\/template-full.php","meta":{"footnotes":""},"class_list":["post-400","page","type-page","status-publish","hentry"],"yoast_head":"<!-- This site is optimized with the Yoast SEO plugin v27.4 - https:\/\/yoast.com\/product\/yoast-seo-wordpress\/ -->\n<title>Buchung - Ursula Zimmermann - Ern\u00e4hrungsberatung und -therapie<\/title>\n<meta name=\"robots\" content=\"index, follow, max-snippet:-1, max-image-preview:large, max-video-preview:-1\" \/>\n<link rel=\"canonical\" href=\"https:\/\/uz-ernaehrungsinfo.de\/?page_id=400\" \/>\n<meta property=\"og:locale\" content=\"de_DE\" \/>\n<meta property=\"og:type\" content=\"article\" \/>\n<meta property=\"og:title\" content=\"Buchung - Ursula Zimmermann - Ern\u00e4hrungsberatung und -therapie\" \/>\n<meta property=\"og:description\" content=\"Veranstaltungs-Teilnahme Ihr Name * Ihre Adresse (Stra\u00dfe, Nr, PLZ, Ort) * Ihre Telefon-Nummer f\u00fcr eventuelle R\u00fcckfragen Veranstaltung * Do. 07.02. &amp; Do. 07.03.2019 - &quot;Heilsame Wickel und Auflagen f\u00fcr Kinder [&hellip;]\" \/>\n<meta property=\"og:url\" content=\"https:\/\/uz-ernaehrungsinfo.de\/?page_id=400\" \/>\n<meta property=\"og:site_name\" content=\"Ursula Zimmermann - Ern\u00e4hrungsberatung und -therapie\" \/>\n<meta name=\"twitter:card\" content=\"summary_large_image\" \/>\n<script type=\"application\/ld+json\" class=\"yoast-schema-graph\">{\"@context\":\"https:\\\/\\\/schema.org\",\"@graph\":[{\"@type\":\"WebPage\",\"@id\":\"https:\\\/\\\/uz-ernaehrungsinfo.de\\\/?page_id=400\",\"url\":\"https:\\\/\\\/uz-ernaehrungsinfo.de\\\/?page_id=400\",\"name\":\"Buchung - Ursula Zimmermann - Ern\u00e4hrungsberatung und -therapie\",\"isPartOf\":{\"@id\":\"https:\\\/\\\/uz-ernaehrungsinfo.de\\\/#website\"},\"datePublished\":\"2018-03-19T10:30:03+00:00\",\"breadcrumb\":{\"@id\":\"https:\\\/\\\/uz-ernaehrungsinfo.de\\\/?page_id=400#breadcrumb\"},\"inLanguage\":\"de\",\"potentialAction\":[{\"@type\":\"ReadAction\",\"target\":[\"https:\\\/\\\/uz-ernaehrungsinfo.de\\\/?page_id=400\"]}]},{\"@type\":\"BreadcrumbList\",\"@id\":\"https:\\\/\\\/uz-ernaehrungsinfo.de\\\/?page_id=400#breadcrumb\",\"itemListElement\":[{\"@type\":\"ListItem\",\"position\":1,\"name\":\"Startseite\",\"item\":\"https:\\\/\\\/uz-ernaehrungsinfo.de\\\/\"},{\"@type\":\"ListItem\",\"position\":2,\"name\":\"Termine\",\"item\":\"https:\\\/\\\/uz-ernaehrungsinfo.de\\\/?page_id=79\"},{\"@type\":\"ListItem\",\"position\":3,\"name\":\"Buchung\"}]},{\"@type\":\"WebSite\",\"@id\":\"https:\\\/\\\/uz-ernaehrungsinfo.de\\\/#website\",\"url\":\"https:\\\/\\\/uz-ernaehrungsinfo.de\\\/\",\"name\":\"Ursula Zimmermann - Ern\u00e4hrungsberatung und -therapie\",\"description\":\"Ursula Zimmermann - Ern\u00e4hrungsberatung und -therapie\",\"potentialAction\":[{\"@type\":\"SearchAction\",\"target\":{\"@type\":\"EntryPoint\",\"urlTemplate\":\"https:\\\/\\\/uz-ernaehrungsinfo.de\\\/?s={search_term_string}\"},\"query-input\":{\"@type\":\"PropertyValueSpecification\",\"valueRequired\":true,\"valueName\":\"search_term_string\"}}],\"inLanguage\":\"de\"}]}<\/script>\n<!-- \/ Yoast SEO plugin. -->","yoast_head_json":{"title":"Buchung - Ursula Zimmermann - Ern\u00e4hrungsberatung und -therapie","robots":{"index":"index","follow":"follow","max-snippet":"max-snippet:-1","max-image-preview":"max-image-preview:large","max-video-preview":"max-video-preview:-1"},"canonical":"https:\/\/uz-ernaehrungsinfo.de\/?page_id=400","og_locale":"de_DE","og_type":"article","og_title":"Buchung - Ursula Zimmermann - Ern\u00e4hrungsberatung und -therapie","og_description":"Veranstaltungs-Teilnahme Ihr Name * Ihre Adresse (Stra\u00dfe, Nr, PLZ, Ort) * Ihre Telefon-Nummer f\u00fcr eventuelle R\u00fcckfragen Veranstaltung * Do. 07.02. &amp; Do. 07.03.2019 - &quot;Heilsame Wickel und Auflagen f\u00fcr Kinder [&hellip;]","og_url":"https:\/\/uz-ernaehrungsinfo.de\/?page_id=400","og_site_name":"Ursula Zimmermann - Ern\u00e4hrungsberatung und -therapie","twitter_card":"summary_large_image","schema":{"@context":"https:\/\/schema.org","@graph":[{"@type":"WebPage","@id":"https:\/\/uz-ernaehrungsinfo.de\/?page_id=400","url":"https:\/\/uz-ernaehrungsinfo.de\/?page_id=400","name":"Buchung - Ursula Zimmermann - Ern\u00e4hrungsberatung und -therapie","isPartOf":{"@id":"https:\/\/uz-ernaehrungsinfo.de\/#website"},"datePublished":"2018-03-19T10:30:03+00:00","breadcrumb":{"@id":"https:\/\/uz-ernaehrungsinfo.de\/?page_id=400#breadcrumb"},"inLanguage":"de","potentialAction":[{"@type":"ReadAction","target":["https:\/\/uz-ernaehrungsinfo.de\/?page_id=400"]}]},{"@type":"BreadcrumbList","@id":"https:\/\/uz-ernaehrungsinfo.de\/?page_id=400#breadcrumb","itemListElement":[{"@type":"ListItem","position":1,"name":"Startseite","item":"https:\/\/uz-ernaehrungsinfo.de\/"},{"@type":"ListItem","position":2,"name":"Termine","item":"https:\/\/uz-ernaehrungsinfo.de\/?page_id=79"},{"@type":"ListItem","position":3,"name":"Buchung"}]},{"@type":"WebSite","@id":"https:\/\/uz-ernaehrungsinfo.de\/#website","url":"https:\/\/uz-ernaehrungsinfo.de\/","name":"Ursula Zimmermann - Ern\u00e4hrungsberatung und -therapie","description":"Ursula Zimmermann - Ern\u00e4hrungsberatung und -therapie","potentialAction":[{"@type":"SearchAction","target":{"@type":"EntryPoint","urlTemplate":"https:\/\/uz-ernaehrungsinfo.de\/?s={search_term_string}"},"query-input":{"@type":"PropertyValueSpecification","valueRequired":true,"valueName":"search_term_string"}}],"inLanguage":"de"}]}},"_links":{"self":[{"href":"https:\/\/uz-ernaehrungsinfo.de\/index.php?rest_route=\/wp\/v2\/pages\/400","targetHints":{"allow":["GET"]}}],"collection":[{"href":"https:\/\/uz-ernaehrungsinfo.de\/index.php?rest_route=\/wp\/v2\/pages"}],"about":[{"href":"https:\/\/uz-ernaehrungsinfo.de\/index.php?rest_route=\/wp\/v2\/types\/page"}],"author":[{"embeddable":true,"href":"https:\/\/uz-ernaehrungsinfo.de\/index.php?rest_route=\/wp\/v2\/users\/1"}],"replies":[{"embeddable":true,"href":"https:\/\/uz-ernaehrungsinfo.de\/index.php?rest_route=%2Fwp%2Fv2%2Fcomments&post=400"}],"version-history":[{"count":3,"href":"https:\/\/uz-ernaehrungsinfo.de\/index.php?rest_route=\/wp\/v2\/pages\/400\/revisions"}],"predecessor-version":[{"id":431,"href":"https:\/\/uz-ernaehrungsinfo.de\/index.php?rest_route=\/wp\/v2\/pages\/400\/revisions\/431"}],"up":[{"embeddable":true,"href":"https:\/\/uz-ernaehrungsinfo.de\/index.php?rest_route=\/wp\/v2\/pages\/79"}],"wp:attachment":[{"href":"https:\/\/uz-ernaehrungsinfo.de\/index.php?rest_route=%2Fwp%2Fv2%2Fmedia&parent=400"}],"curies":[{"name":"wp","href":"https:\/\/api.w.org\/{rel}","templated":true}]}}